7. Let k be d(-24). Suppose -k*p + 163*p = 84. What is the greatest common factor of 189 and p?
21
Let q(c) = -7*c + 4*c**2 - 3*c**2 + 21 - 6*c. Let w be q(11). Let m be (1 - 3)/(-2)*(-7)/w. What is the highest common divisor of 49 and m?
7
Let x = 128 + -122. Suppose -60 = -x*z - 0*z. What is the greatest common factor of z and 14?
2
Suppose -3*h + 150*r = 145*r + 4, r = 8. Calculate the greatest common divisor of h and 11784.
12
Let h(w) = -19*w**2 - 3 - 5 + 0 + 46*w**2 - 10*w + 5. Let q be h(-4). Calculate the highest common factor of 7 and q.
7
Suppose -2*u + 29 = 5*c, u - 5 = c - 8. Let v be 5/(-3)*(-57)/c. Calculate the greatest common divisor of v and 247.
19
Let q(v) = v**2 - 19*v + 78. Let i be q(6). Suppose i = -17*y + 9*y + 880. What is the greatest common divisor of y and 10?
10
Suppose 2*o = -5*y + 29, 0*o + o - 2*y + 8 = 0. Suppose 2*b = 5 + 31. Let r = -15 + b. Calculate the highest common factor of r and o.
1
Suppose -i = -5*y - 6*i + 530, 3*y = 5*i + 350. Let a be -6*(y/(-15) + -2). What is the greatest common factor of 868 and a?
28
Let s be 486/14 + 22/77. Let c be 626/6 - (-10)/15. Calculate the highest common factor of s and c.
35
Let h(p) = -3*p - 11 + p**2 - 14 + 9*p - p. Let s be h(-7). Let r = s + 91. Calculate the greatest common factor of r and 20.
20
Suppose 0 = -4*q + 2*v + 36, -4*v - 16 = -q - 0*v. Let n be 2/q + (2 - (-497)/28). Let p be n/(-50) + 374/10. What is the greatest common divisor of p and 296?
37
Suppose -2620*v + 1646 = 5*j - 2621*v, -4*v + 1666 = 5*j. Let o = 72 - 42. Calculate the greatest common divisor of j and o.
30
Let b = 2 + 20. Let x = b - 25. Let i be 2 + (9/1 - x). What is the greatest common factor of i and 126?
14
Let t = -15683 - -8651. Let m be 1/3 - t/(-36). Let u be -28*4/(-10)*m/(-24). What is the highest common divisor of 7 and u?
7
Let n = -42 - -57. Suppose 0 = -o - 4*o + n. Suppose -5 = -2*j - o*q, -4 = -4*j + q - 1. What is the greatest common factor of 7 and j?
1
Let v = 3557 - 3485. What is the greatest common factor of 48 and v?
24
Suppose 4*u - 1015*y + 1011*y = 544, -2*y - 402 = -3*u. Calculate the highest common divisor of u and 1950.
130
Let s = -4452 - -4741. Suppose -4*z + 4*g + 52 = 0, z = -4*z + g + 81. What is the highest common divisor of s and z?
17
Let b = -19519 + 19587. What is the greatest common factor of b and 697?
17
Let q(t) = 2*t**2 - 3. Let i be q(4). Suppose 361*b - 198373 = 126166. Calculate the greatest common divisor of b and i.
29
Let v(n) = -5*n + 58. Let k be v(11). Suppose 0*j - k*j = -114. Calculate the highest common factor of 57 and j.
19
Let n(u) = -u**2 + 13*u - 26. Let y be n(12). Let r be 1*(y/35)/(2/(-5)). Let f be (-45)/75 - (96/(-10) - r). Calculate the highest common factor of 90 and f.
10
Let j be 100418542/9169 + (-8)/(-212). Calculate the highest common factor of 4 and j.
4
Suppose 6*t - 4*t = 98. Suppose -3141 = -3*z + 3*r, -4*z - 5*r = -r - 4188. Let o = z - 1040. Calculate the greatest common divisor of o and t.
7
Let v be 5*4*3/2. Let f(g) = 74*g**2 - 7*g + 30. Let q be f(3). Suppose 574*b = 565*b + q. Calculate the highest common divisor of v and b.
15
Suppose 0 = -10*n - 950 + 5810. What is the greatest common factor of 18 and n?
18
Let m be ((-185)/10 + -4)*((-45)/5 - -5). Suppose -2*x - 4*n + 7 + 9 = 0, 0 = x - 2*n - 4. Calculate the greatest common divisor of x and m.
6
Let o = 483 - 487. Let y(s) = -s**3 + 9*s + 7. Let p be y(o). Calculate the highest common factor of p and 280.
35
Let t(x) = 3*x**3 - x**2 + 7*x + 1292. Let u be t(0). What is the greatest common factor of 608 and u?
76
Let s be (-2436)/(-27) + 4/(-18). Calculate the greatest common divisor of s and 45.
45
Suppose 0*w - 3*w = -588. Let f be (-2)/(-3) - w/(-12). Let a = 5913 - 5794. What is the highest common divisor of a and f?
17
Let c be ((12/(-10))/(-1))/(33/110). Let m be ((-16)/2*c/(-1))/1. What is the highest common divisor of m and 352?
32
Suppose -3*k - 3*o - 44 = -206, 5*k = 2*o + 298. Suppose -k*m = -63*m + 550. Calculate the greatest common divisor of m and 385.
55
Suppose 5*g - 26 = -4*z, 3*g - 5 - 1 = 0. Suppose -6*y + z*y - 36 = 0. Let p = 38 + y. What is the highest common factor of 30 and p?
10
Let q(h) = h**3 - 50 + 11*h**2 + 16*h - 7*h + 50 + 24. Let d be q(-8). Let c = -129 + d. What is the greatest common factor of 225 and c?
15
Suppose -5*z + 406 = 4*d, z + 70 = 2*z - 2*d. Let c = -33 + z. Let f = c + 54. Calculate the highest common factor of f and 9.
9
Let q(k) be the second derivative of -k**5/20 - 3*k**4/2 + k**3/3 + 35*k**2 - 108*k. Let o be q(-18). What is the highest common divisor of o and 272?
34
Let w = 12 + 23. Suppose 0 = -9*f + 5*f + 120. Suppose -20*z - f = -22*z. What is the highest common divisor of w and z?
5
Suppose -12*o + 28 = 124. Let s = o + 65. Calculate the highest common factor of 399 and s.
57
Suppose -81*t + 433 = 5050. Let z(j) = -4*j**2 - 3*j. Let x be z(-6). Let k be ((-38)/t)/((-2)/x). What is the highest common divisor of k and 378?
42
Let n(x) = -x**3 + 10*x**2 - 11*x + 18. Let h = 17 - 8. Let t be n(h). Let j be (2/(-4))/(t - (-2)/(-48)). Calculate the highest common divisor of j and 6.
6
Let n(y) = 3*y**3 + 3*y**2 - 4*y - 7. Let f be n(4). Suppose 0*r + 7*r = f. Calculate the highest common divisor of 341 and r.
31
Suppose 3*y - 1090 = 13*y. Let g = y - -181. What is the greatest common divisor of 8 and g?
8
Let y = 338 + -335. Suppose 2*f = -4*h + 104, -f = -2*f - y*h + 49. Calculate the highest common factor of 2 and f.
2
Suppose -20 = -0*k - 4*k. Suppose 0*f + k = 5*f. Let d be (5 - 2) + (-1 - (-9 - -3)). Calculate the highest common factor of f and d.
1
Suppose 6*i + 36 = 18*i. Let t be i/(7/28*4). Calculate the greatest common divisor of t and 69.
3
Let y(c) = -c**2 - 543*c + 7266. Let s be y(13). What is the highest common divisor of 7201 and s?
19
Let h = -80 + 83. Suppose -h*r - 11*r = -1092. What is the highest common factor of 26 and r?
26
Suppose 2*c + 5 = 3*c - 4*g, -5*c - 5*g + 25 = 0. Suppose -2*k = -2*l + 46, 4*l = -c*k + 3*k + 80. What is the greatest common divisor of l and 21?
21
Suppose 32*n + 6440 = 55*n. Calculate the greatest common divisor of 35 and n.
35
Let c = 32 + -27. Suppose 5*a - 16 = 2*f, f - c*a = 2*f - 22. Suppose f*j + i - 336 = 0, -j - 2*j + 530 = -5*i. What is the highest common factor of j and 68?
34
Let v(i) = -i**3 - 5*i**2 - 5*i - 7. Let n be v(-5). Let o = -4074 + 4104. What is the highest common factor of n and o?
6
Suppose w + 83 - 645 = 0. Let m = w + -2. Suppose -3*i = 2*g - 187, 171 - m = -4*g - i. Calculate the highest common factor of g and 14.
14
Suppose 5*g = v - 3034, -548 + 3630 = v + 3*g. Calculate the highest common factor of v and 16.
8
Suppose 0 = 2*c - 53 - 31. Let g = 1631 + -1106. What is the greatest common factor of c and g?
21
Suppose 58*j = 10420 - 3170. Calculate the greatest common factor of j and 6625.
125
Let c = 233 + -229. Suppose 85 + 254 = 3*w - 3*h, c*w + h = 472. Calculate the highest common divisor of w and 91.
13
Let a(m) = 155*m - 10. Let i(j) = 6*j. Let o(c) = -a(c) - 6*i(c). Let u be o(-2). Calculate the greatest common divisor of u and 56.
56
Let o(x) = -18*x - 3. Let y be o(-2). Suppose -j + 26 = -182. Let q = j + -164. What is the highest common divisor of q and y?
11
Let v be (22/6 - 4)*-9. Suppose v*f = 0, -3*n + f + 1020 = 2*f. What is the greatest common factor of 20 and n?
20
Suppose 0*k = -4*k, 5*k - 36 = -4*t. Let q = t + -3. Let x be ((-10)/(-75) - 408/360)*-3. What is the greatest common divisor of q and x?
3
Let p be (5 + 95939)*(-25)/(-70) + 2/7. What is the highest common divisor of 6 and p?
6
Suppose -49*y - 8843 = -12714. Calculate the highest common factor of 40685 and y.
79
Let z(y) = -98*y - 15936. Let v be z(-163). Let r be (4/(-6))/((-2)/12). Calculate the highest common divisor of v and r.
2
Suppose 0 = -136*n - 615 + 1839. Suppose 3*q = 2*q + 2. Suppose -3*l = q*l - 30. Calculate the highest common divisor of n and l.
3
Let b = 2984 - 2321. What is the greatest common factor of 527 and b?
17
Let g be 28/126 - (-3261)/27. What is the highest common divisor of 55 and g?
11
Let l be ((-25)/(-4))/((-1500)/(-7200)). Calculate the greatest common factor of l and 1485.
15
Let j be (6 - 8 - 93)/(1*-1). Cal